Let g = -67 - -80. Calculate the greatest common factor of g and 52.
13
Suppose -5*g - 43 = -4*d, 3*g + 37 = 4*d - 0*g. Let l be d + 1/((-1)/3). Let r = 8 + l. Calculate the highest common factor of r and 6.
6
Let a(x) = 5*x - 9. Let g be a(6). Suppose 0 = -5*w + f + 37, 0 = -f + 3*f + 4. What is the greatest common factor of w and g?
7
Suppose 3*u + 5*m = 4*u - 6, -2*u + 4*m + 18 = 0. Suppose -v = 4*v - 355. Let o = 115 - v. What is the greatest common divisor of o and u?
11
Let m(z) = 73*z**2 + z - 5. Let f be m(-5). Suppose 5*l + f = 5*t, 469 + 981 = 4*t - 5*l. Suppose -5*q + t = -20. What is the highest common divisor of q and 7?
7
Suppose 2*q - 2*p + 6 = 0, 2*p = -q + 6*q. Calculate the highest common factor of 2 and q.
2
Suppose -5 + 3 = 2*z. Let j be (z/(-3))/((-1)/(-39)). Calculate the greatest common factor of 143 and j.
13
Let q be (-648)/(-45) - (-4)/(-10). What is the highest common factor of q and 98?
14
Let o = -35 + 52. Calculate the greatest common divisor of o and 85.
17
Let k = 69 - 24. Let v = 3 - -12. What is the greatest common factor of k and v?
15
Suppose -5*b - 2 = p, 0 = -0*b - 5*b - 4*p + 7. Let d be (2/b)/(10/(-640)). Calculate the highest common divisor of 16 and d.
16
Let z = -160 + 235. Let q = -9 - -22. Suppose 0 = 2*t - z - q. Calculate the greatest common divisor of t and 11.
11
Let c = 155 + -120. What is the greatest common divisor of 7 and c?
7
Let o = 134 + -2. Let l = o - 34. What is the greatest common factor of 14 and l?
14
Suppose -2*f = -6*f - 412. Let r = f - -163. Let p be 23 + 1 + (1 - 1). Calculate the greatest common divisor of p and r.
12
Suppose 0 = 2*j + 1 - 17. Calculate the highest common factor of 64 and j.
8
Suppose -6 = -j - 2*m, 5*j + 6*m - 2*m - 6 = 0. Let y be ((-1)/j)/(2/12). Calculate the highest common divisor of 12 and y.
3
Let t(m) = -22*m - 2. Let s be t(-6). What is the highest common divisor of 52 and s?
26
Suppose 22 = -r - 25. Let v = 111 + r. Suppose 4*m = -0*m + v. What is the greatest common factor of 16 and m?
16
Suppose 4*p + 0*p = 500. Suppose 0 = 4*i + f - 156 - p, 0 = i - 4*f - 66. What is the greatest common factor of i and 28?
14
Let z = -1 + 3. Suppose 6 = 3*i - 0*i + 2*r, -2*i + 4 = z*r. Calculate the highest common factor of i and 5.
1
Let y be 1/(5/16)*(-30)/(-4). Calculate the highest common divisor of 36 and y.
12
Suppose 2*x - 45 = -3*j + 11, -2*x = 5*j - 56. What is the highest common divisor of x and 140?
28
Suppose -4 = -4*y + 2*k + 40, 2*k + 55 = 5*y. What is the greatest common factor of y and 99?
11
Suppose -7*n + 3*n = -3840. Suppose 4*j = -2*j + n. Calculate the highest common factor of 20 and j.
20
Let h(m) = -m**2 - 2*m + 6. Let z be h(-5). Let d be (2 + 1)*(-24)/z. Suppose -32 = -0*g - 8*g. What is the highest common factor of g and d?
4
Suppose x - 47 = 97. Let n = 46 + -30. What is the greatest common factor of x and n?
16
Let t(f) be the first derivative of 2*f**3/3 + 2*f**2 + 16*f + 6. Let h be t(-8). Calculate the greatest common divisor of 14 and h.
14
Let i(y) = 2*y + 1. Let o be (-64)/(-2) + 14/(-7). Suppose -2*t = t + 4*q - o, 3*t - q = 15. Let a be i(t). Calculate the highest common divisor of a and 104.
13
Suppose 0*c + 2*c = -76. Let a be 3/(c/(-16) - 2). Calculate the highest common divisor of 12 and a.
4
Suppose 0 = 3*l - 27 - 9. Calculate the greatest common divisor of l and 12.
12
Suppose -s = -2*k + 22, 3*s = 4*s. Let b(p) = p**2 + p - 1. Let z be b(-2). Let w be (z + 0)*(126 + -5). What is the greatest common factor of k and w?
11
Suppose -5 + 3 = g. Let m be (-3)/(-1) + (g - -24). Calculate the greatest common factor of m and 225.
25
Suppose 5*x - 2 + 29 = 3*n, -5*x = 3*n - 57. Let s = n + -2. What is the highest common factor of s and 24?
12
Suppose 5 = 2*g - 5*l - 11, l = -2*g + 4. Suppose -4*k - 32 = -56. Calculate the greatest common divisor of k and g.
3
Let i = -34 + 36. What is the highest common divisor of 14 and i?
2
Suppose -6*l = -11*l + 20. Let m be 0 + 0 - 0/6. Suppose -l*k + 9*k - 110 = m. What is the highest common divisor of 11 and k?
11
Let v(p) = p**3 + 9*p**2 + 8*p + 12. Let f be v(-8). Calculate the greatest common factor of f and 36.
12
Suppose 8 = t + 3*t. Suppose -2*d - t = 2. Let g be ((-5)/d)/(2/72). What is the highest common divisor of 18 and g?
18
Suppose 0 = -2*a - 5*i + 4, 2*a + 4*i - 3 - 1 = 0. Calculate the highest common factor of 14 and a.
2
Let z(b) = 3*b**2 + 4*b - 5. Suppose -5*k + u - 15 = 0, 2*k + u = k - 9. Let t be z(k). Let v = 8 + 1. Calculate the highest common divisor of v and t.
9
Let h(p) = p**2 + 9*p + 11. Let m be h(5). Calculate the highest common factor of m and 9.
9
Let c(a) = 2*a**3 - 3*a**2 + 2*a + 5. Let u be c(2). Let s(o) = 3*o**2 - 4*o - 3. Let n be s(5). What is the greatest common divisor of n and u?
13
Suppose 0*a - 960 = -3*a. Suppose -6*i + 2*i = -a. Let m be (-40)/(-6)*36/12. Calculate the highest common divisor of i and m.
20
Let o(u) = 14*u + 2. Let w be o(3). What is the highest common factor of 110 and w?
22
Suppose n + 120 = 6*n. Let c be 5/2 - (-36)/n. Calculate the greatest common divisor of c and 1.
1
Let r(u) = u**2 - 4. Let k be r(-9). Suppose -5*h + k = -43. What is the highest common factor of 16 and h?
8
Let y = -14 + 16. Calculate the highest common factor of y and 6.
2
Suppose -3*x = 5*g - 107, 2*g - 85 = -2*x - 11. Calculate the highest common divisor of 39 and x.
39
Suppose g - 79 = -o, 10*o - 2*g = 5*o + 381. Suppose -21 = -4*v + v. Calculate the greatest common divisor of o and v.
7
Let t = 54 - 34. Suppose 2*g - t = -3*g. Let v be 33 + (-2 - -1*g). What is the highest common factor of 5 and v?
5
Let f = -2 - -5. Suppose f*x = -2*x + 150. Suppose -2*k + q + x = 1, 4*k = -5*q + 65. Calculate the greatest common divisor of k and 5.
5
Suppose 876 = 4*j - b, -2*j - 2*j + 5*b = -860. What is the highest common divisor of 22 and j?
22
Let q = -54 - -63. Suppose -2*v = -136 - 62. What is the highest common factor of q and v?
9
Suppose 6*w - 16 = 2*w. Suppose -37 = -2*u - 2*m - 3*m, 4*m + 32 = w*u. Calculate the greatest common factor of 33 and u.
11
Let s be ((-4)/2)/((-2)/29). Let y be (1 + -4)/((-12)/20). Suppose -y*c + s = -1. Calculate the highest common divisor of 3 and c.
3
Let m(n) = -2*n**3 - 4*n**2 - 6*n - 6. Let y be m(-2). What is the highest common divisor of 2 and y?
2
Let b be 16/(-6)*27/(-6). Let k(q) = -24*q - 4. Let g be k(-3). Let o = g - 38. What is the highest common divisor of o and b?
6
Let b be 2 + 0 + 26/2. Let t = b + -5. Let o = t - 3. Calculate the highest common divisor of 56 and o.
7
Let h be 0 - (3 - (-2 - -5)). Suppose h = 3*y - y - 8. What is the greatest common divisor of 4 and y?
4
Suppose -c - o + 23 = 0, 0 = o - 3*o + 2. Calculate the greatest common factor of 88 and c.
22
Let k be (5/(-2))/(1/(-2)). Let r be k/((-60)/(-9))*40. Let c(q) = -q**2 + 14*q - 3. Let t be c(6). What is the greatest common factor of t and r?
15
Suppose -119 + 9 = -11*b. What is the greatest common divisor of b and 90?
10
Suppose 0 = -4*w + 131 + 81. What is the highest common divisor of w and 53?
53
Let g be ((-10)/(-25))/(1/30). Suppose -8*o + 240 = -3*o. Suppose 0 = u - o - 60. Calculate the highest common divisor of u and g.
12
Let y(i) = 10*i**2 + 2*i + 1. Let p be y(-1). Suppose 0*g + 36 = 6*g. Calculate the greatest common factor of g and p.
3
Suppose 7 = -4*q + 287. Let p be (6/9)/(1/3). Suppose p*c = 0, -5*o - 2*c + 70 = 3*c. Calculate the greatest common divisor of o and q.
14
Suppose -4*p + 3*c - c = -66, -2*c - 50 = -3*p. Calculate the highest common factor of 112 and p.
16
Suppose 0*u = -u. Let m(d) = -d**3 + 6*d**2 - 6*d + 3. Let k be m(5). Let i be 8 + -3 + u/k. What is the highest common divisor of 25 and i?
5
Let f be 7/21 - 19/3. Let v = f + 9. What is the greatest common divisor of 2 and v?
1
Let u be (-3)/((-1)/34*3). Suppose -a - a + 34 = 0. What is the highest common divisor of u and a?
17
Let o = -39 + 66. Calculate the greatest common divisor of 189 and o.
27
Let c be 4*(-78)/(-91)*42/4. Calculate the highest common divisor of c and 252.
36
Let y be 14*(1 + 2/(-4)). Let c(f) = f - 1. Let g(v) = 14*v + 4. Let a(i) = 12*c(i) - g(i). Let h be a(-15). Calculate the greatest common factor of h and y.
7
Let j(k) be the seco